e 14*(-3 + -1)/4. Let g = 82 + q. List the prime factors of g.
2, 17
Let k(d) = -d**2 - 8*d + 22. Let w be k(-10). Suppose -w*q + 82 = -410. What are the prime factors of q?
2, 3, 41
Let g be 0 + (-7 - -1) - (-4)/(-2). What are the prime factors of (-4*(-116)/g)/(-2)?
29
Let v be ((-54)/(-12))/((-1)/(-28)). List the prime factors of (v/4 - (-2 - -1))*2.
5, 13
Let c(t) = 11*t**2 + 12*t + 10. List the prime factors of c(-5).
3, 5
Let h = -16 - -19. Suppose -703 = -5*o + 2*d, 3*o - 247 = -h*d + 179. List the prime factors of o.
3, 47
Let n(q) = q**2 - 2*q - 3. Let g be n(-2). Suppose 0 = 3*b - 15 + 3, g*m + 5*b = 0. List the prime factors of (m/3)/4*-219.
73
What are the prime factors of 46 - 51 - (1 - 555)?
3, 61
Let z be (-3)/(3 - (-14)/(-5)). Let q = 9 + z. What are the prime factors of (-686)/(-42) - 4/q?
17
Let i(f) = 18*f + 9. Let w be i(3). Let b = w + -21. What are the prime factors of b?
2, 3, 7
List the prime factors of 499 - (0 - (0 + 9)).
2, 127
Let k = 409 + -99. List the prime factors of ((-24)/(-10))/3*k.
2, 31
Let s(m) be the second derivative of m**4/12 - 5*m**3/3 + 9*m**2/2 - m. Let w be s(10). Let u(y) = 2*y + 2. What are the prime factors of u(w)?
2, 5
Let k(a) = 18*a**2 - 28*a + 17. List the prime factors of k(8).
3, 5, 7
Let f(u) = -u**3 - 10*u**2 + 6*u + 1. Let o be (-520)/50 + 6/(-10). What are the prime factors of f(o)?
2, 7
Suppose -y - 5*a = -23, 1 = -5*y + 5*a - a. Suppose -2*o - 191 = -3*u, 0*o - y*o + 6 = 0. List the prime factors of u.
5, 13
Let w(p) = -p**3 + 3*p**2 - 1. Let a be w(2). Let m = 9 - a. Suppose m = -3*r, -4*n + 0*n + r + 26 = 0. List the prime factors of n.
2, 3
Let g = 153 - 46. Suppose -21*o = -22*o + g. What are the prime factors of o?
107
What are the prime factors of (96 - 87)/(1/5)?
3, 5
Suppose 0 = -0*s - s - 2, 3*s = 5*r - 2341. What are the prime factors of r?
467
Let y = 5 - 0. Suppose y*v - 192 = v. What are the prime factors of v?
2, 3
Suppose 0 = -11*u + 16*u + 65. Let c = -45 + 69. Let v = u + c. What are the prime factors of v?
11
Suppose 32 + 14 = -d. Let u = 1029 + -1057. Let p = u - d. What are the prime factors of p?
2, 3
Suppose 0 = -4*j - 2*o - 20, -8*o + 3*o = -4*j - 6. List the prime factors of 21*((0 - j) + -1).
3, 7
Suppose 5*d + 0*d - 210 = 0. Let s(b) = b**2 - 12*b + 4. Let l be s(10). Let x = d + l. List the prime factors of x.
2, 13
Let h be 10/4*(9 + -5)*1. List the prime factors of 4/h + -172*6/(-20).
2, 13
Let x(f) = 4*f**3 - 5*f**2 + 7*f - 16. Let u be x(3). Let s = u + 66. What are the prime factors of s?
2, 67
Let g(r) = 23*r - 26. What are the prime factors of g(10)?
2, 3, 17
Suppose 0 = 4*u - 505 - 1007. List the prime factors of u.
2, 3, 7
Let g(s) = -s**3 - 6*s**2 + 11*s + 5. Let w(y) = -3*y + 10. Let a be w(6). What are the prime factors of g(a)?
3, 5
Let g be 2/13 + (-252)/(-52). Let j(w) = -w**3 + 4*w**2 + 8*w - 6. List the prime factors of j(g).
3
Let u = -4 - 2. Let h be (8 - 6)*u/(-4). Suppose -h = 3*x - 33. List the prime factors of x.
2, 5
Let m(s) = -s - 12. Let a be m(-5). Let k = a + 3. What are the prime factors of (18/k)/((-19)/38)?
3
Let g be (82/10)/((-5)/(-25)). Suppose -47 = -2*y + g. What are the prime factors of y?
2, 11
Let p = 260 - 160. List the prime factors of p.
2, 5
Let b(y) = -y - 4. Let g be b(-7). Suppose -2*t - 800 = t + 2*x, -t - g*x - 269 = 0. List the prime factors of t/(-12) + (-1)/6.
2, 11
Let m be (0 - 8/(-10))/((-86)/(-215)). Suppose 5*j + 3*a - 91 + m = 0, 3*j - 5*a = 33. List the prime factors of j.
2
Let c(x) = -2*x**2 - 5*x - 6. Let d be c(-6). Let w = -25 - d. What are the prime factors of w?
23
Let b = 17 - 15. Suppose -i - 2*a - 1 = b, 4*a + 31 = 3*i. Suppose 45 = 5*w - 2*m - 18, 5*m - i = 0. List the prime factors of w.
13
Suppose -10*d - 127 = -3*t - 8*d, 4*d = t - 59. List the prime factors of t.
3, 13
Suppose 0 = -h + 45 - 40. Suppose -3*q + q + w + 55 = 0, -q - h*w = -55. List the prime factors of q.
2, 3, 5
Let s be (-9)/18 + 2402/4. Suppose 0*q = 5*q + s. List the prime factors of q/(-50) - 4/10.
2
Let c(s) = 2*s + 5. Let u(q) = -q + 1. Let t(f) = 2*c(f) + 6*u(f). Let j be t(0). Let n = j - 7. List the prime factors of n.
3
Suppose -9*n = -3*n. Suppose -5*s = 120 - 510. Suppose 3*i - 2*f = s, -3*i + n*f + 4*f + 78 = 0. List the prime factors of i.
2, 13
Let p = 0 - -1. Let k be (-6 - -10)*(p + 0). Let b(s) = 7*s + 1. List the prime factors of b(k).
29
Let j = 1 - -303. What are the prime factors of j?
2, 19
Let r = 2402 + -1267. What are the prime factors of r?
5, 227
Suppose 2*h = -2*g + 1002, -2*g - 3*g = h - 493. Suppose -h = -9*q + 1144. List the prime factors of q.
3, 61
Suppose -12*r = -10*r - 26. Suppose -2*w - 1 = -r. List the prime factors of w.
2, 3
What are the prime factors of 2456/6 + 11*18/297?
2, 5, 41
Let n be -2 - (-1 + (-2 - 3)). Let y be 1/(-4)*(-50 - -10). Suppose n*b = -2 + y. What are the prime factors of b?
2
Let q be (-4 - 22 - -2) + 0/1. Let f = 30 + q. List the prime factors of f.
2, 3
Let w = -1037 - -4518. List the prime factors of w.
59
List the prime factors of -6 - (-2)/((-8)/(-7116)) - 5.
2, 13, 17
Let x(q) = q**2 + 3*q + 44. Let l(t) = t**3 - 4*t**2 - 4*t - 5. Let h be l(5). What are the prime factors of x(h)?
2, 11
Suppose 3*s - 53 = -47. Suppose -3*x - 5*o + s*o + 261 = 0, 4*x - 354 = -2*o. List the prime factors of x.
2, 3, 5
Suppose -r + f + 32 = -0*r, 4*r + 4*f - 96 = 0. Let n = 4 + r. List the prime factors of n.
2
Suppose 3*t + 4*j - 2*j = 5, -1 = 3*t + 5*j. Suppose -t*r + 164 = -73. Let n = -19 + r. What are the prime factors of n?
2, 3, 5
Let v be (15/10)/((-3)/(-4)). Let w be (v/4)/(1/(-86)). Let o = 67 + w. List the prime factors of o.
2, 3
Let v(k) = -3*k**2 + 111*k - 7. What are the prime factors of v(8)?
13, 53
Let w(l) be the first derivative of l**4/4 - l**3/3 - l**2/2 + l + 1. Let d be (-12)/(-3) + (10 - 11). What are the prime factors of w(d)?
2
Let g = -263 + 1183. What are the prime factors of g?
2, 5, 23
Let n = -27 + 63. Suppose p = 3*s - 270, -5*p - 68 = -s + n. List the prime factors of s.
89
Let w(n) = -337*n - 4. Let l be w(2). List the prime factors of l/(-18) - 1/(-3).
2, 19
Suppose 2*z = 21*z - 40812. List the prime factors of z.
2, 3, 179
Let q = 556 + -162. What are the prime factors of q?
2, 197
Suppose -34 - 25 = -g. Suppose 4*f = -5*t + g, 5*t + 0*f = -2*f + 57. What are the prime factors of t?
11
Suppose 2*q = -q - a + 439, -5*q = 2*a - 730. Let c = -96 + q. What are the prime factors of c?
2, 13
Let d(z) = z**2 + 4*z + 12. Let c be d(9). Let h = c - 98. What are the prime factors of h?
31
Suppose 98 = -y + 1947. What are the prime factors of y?
43
Let g = -8 + 25. Suppose 0 = 2*v + g + 9. Let j = v + 18. List the prime factors of j.
5
Suppose -19964 = -4*w - 4*k, -w = -4*k - 900 - 4086. What are the prime factors of w?
2, 5, 499
Let t(y) = 2*y + 39. Let a be t(12). What are the prime factors of (-10)/((-21)/(-49) - 41/a)?
3, 5
Suppose 16 = -3*p + l + 4*l, -l = -2. What are the prime factors of 4 + (-1 - p - -26)?
31
Let j(z) = 2*z**3 - 4*z**2 + 10*z - 16. What are the prime factors of j(7)?
2, 17
List the prime factors of -6 + -6 + (2356 - 0).
2, 293
Suppose 4*v - 6 - 10 = 0. Let b be (v/(-3))/((-18)/(-81)). What are the prime factors of (-16)/(-6)*b/(-4)?
2
Let p(c) = 16 + 18 - 13 - 2*c + 5. List the prime factors of p(10).
2, 3
Let t be 1*4/5*-35. Let a = 20 - 44. Let d = a - t. What are the prime factors of d?
2
Let w(j) = 5279*j**2 - 25*j + 27. List the prime factors of w(1).
5281
Let w(k) = k**3 - 2*k**2 + 4*k + 12. Let b(h) = h**3 - h**2 + 3*h + 13. Let s(t) = -4*b(t) + 3*w(t). Suppose r - 2*r - 5 = 0. List the prime factors of s(r).
59
Suppose -4*d - 4*v + 779 + 877 = 0, 3*v - 1653 = -4*d. List the prime factors of d.
3, 137
Let h(x) = 6*x + 33. Let s be h(13). Let b = s + -19. List the prime factors of b.
2, 23
Let a = 15 - 10. Suppose -3*m + r = -305, 4*m - 502 = a*r - 88. List the prime factors of m.
101
Let o(d) = 191*d**2 + 5*d - 10. List the prime factors of o(2).
2, 191
Let z(a) = -a**3 + 22*a - 2. What are the prime factors of z(-9)?
23
Let g be (-9 + 11)*(1 + -2). List the prime factors of 46 + (-9)/(9/g).
2, 3
Let v(g) = -3 + 9*g**2 + 9*g**2 + 2. Suppose -5*f - 2*h + 3 = 8, 5*f = 5*h + 30. List the prime factors of v(f).
17